/(-28) - x/7*5. Calculate the greatest common factor of 42 and y.
6
Let m be 2*((-172)/(-8) + -8). Suppose -127 = -2*v + 5*g + 141, g = 4. Calculate the greatest common divisor of v and m.
9
Suppose -4*m + 135 = -113. Let j(q) = -q**2 + q + 13. Let c be j(9). Let n = c + m. Calculate the highest common factor of n and 6.
3
Let n be (-24)/60 - (99024/15)/(-4). Calculate the greatest common factor of 150 and n.
150
Let o(k) = 145*k + 1464. Let z be o(-9). What is the highest common factor of 6943 and z?
53
Let x = 5172 - 5146. What is the highest common divisor of 9 and x?
1
Let c be -8*4/4 - (-58 - -2). What is the highest common divisor of 2808 and c?
24
Let o be (-1732)/(-18) + (-14)/252*(4 + 0). Let n be (-3070)/(-4) + (-1)/(-2). Calculate the greatest common divisor of n and o.
96
Let d(v) = v**3 + 25*v**2 - v + 7. Let z be d(-25). Let q be 424/z - 15/(-20). What is the greatest common divisor of 10 and q?
2
Let l be 7/2*28/(9 - 2). Let f be (0 - (-1 + 0)) + -150. Let m = f - -247. What is the highest common divisor of m and l?
14
Suppose -774 = 37*k - 80*k. What is the highest common divisor of 9 and k?
9
Let y be (-2535)/(-1183) + 8560/7. Calculate the greatest common divisor of y and 392.
49
Suppose -19*j + 6802 = 1271 - 9517. Calculate the greatest common divisor of j and 576.
72
Let b(h) = -7*h**2 - 6*h + 3. Let z be b(2). Let s be ((0 - -1) + z)*(-315)/60. What is the highest common divisor of s and 81?
27
Let k be 12/6*4/8*8. Suppose 0 = k*a - 15*a + 119. Let b(s) = 2*s**2 + 7*s + 2. Let h be b(-7). Calculate the greatest common divisor of h and a.
17
Let l(s) = 134*s + 2495. Let z be l(-18). Calculate the greatest common factor of z and 7.
1
Let m(l) = 3*l**2 + l + 2. Let i be m(-2). Let q(j) = 3*j**2 + 90*j + 39. Let y be q(-31). Calculate the highest common factor of y and i.
12
Suppose -9*r + 67 + 185 = 0. Calculate the greatest common factor of 1162 and r.
14
Suppose 3577 = 4875*n - 4826*n. Calculate the greatest common divisor of 4307 and n.
73
Let p = 4435 - 4418. What is the greatest common divisor of p and 4913?
17
Let g be (325 - -419)/(1/3). What is the highest common divisor of g and 576?
72
Let t(v) = v**3 - 4*v**2 + 6*v - 5. Let r be t(3). Suppose -z + r*h = -22, -2*z - 5*h = -z + 23. Calculate the highest common factor of z and 4.
2
Suppose 0 = -5*q + 4*q + 26. Let s(v) = 86*v + 1412. Let u be s(-14). What is the highest common factor of q and u?
26
Let m be 1/(1/2) + (-104 - -109). Suppose 3*l - 12 - 3 = 0. Suppose l*d - 4*v + 2*v = 321, 5*v = 3*d - 204. What is the highest common factor of m and d?
7
Let h = 225 + -141. Suppose 287 = 7*g + h. What is the greatest common factor of g and 29?
29
Let r = 1 - -69. Suppose -4*j + 6 = -2*g, -g - 6 = -3*j - 0*g. Let y be (j/(-2))/(606/(-84) - -7). What is the highest common factor of y and r?
7
Suppose 24*w + 198 = 22*w. Let v = 124 + w. Suppose 0 = -2*q + 3*k + 129 + 210, -5*k - v = 0. What is the greatest common divisor of 18 and q?
18
Let y(t) = t**2 + t + 1. Let k be y(-4). Suppose -k*f + 26 = 1027. Let l = f - -104. Calculate the greatest common factor of 297 and l.
27
Suppose -3*g = -2*g + 4*z - 3, -2*z - 12 = 2*g. Let m be (2 - -48)*g/18. Let d = 67 + m. What is the greatest common factor of 14 and d?
14
Suppose -75 = -0*o - o. Suppose -2*k + o = 3*k. Suppose -3*j = -5*f - 115, 3190*f - 175 = -5*j + 3195*f. What is the greatest common divisor of j and k?
15
Suppose 0 = -19*p + 64*p - 360. Let s(j) = -2*j**3 + 14*j**2 + 18*j - 10. Let x be s(p). What is the greatest common factor of 14 and x?
2
Suppose 7*g = 6*g + 12. Let c = g + 45. Let l be (20/6)/(19/c). Calculate the greatest common divisor of l and 10.
10
Let a = -11083 - -11108. What is the greatest common factor of a and 430?
5
Let h(t) = t**3 + 5*t**2 - 10*t - 21. Let c be h(-6). Suppose -c*n = -0*l + l - 523, -177 = -n + l. Calculate the highest common divisor of n and 70.
35
Let w be -2 + (-290)/(-12) - 10/60. Let l be (-26 - -24) + (-5)/((-5)/w). What is the highest common divisor of l and 6?
2
Suppose 5227 = -94*t + 22147. Calculate the greatest common factor of t and 3195.
45
Let v be ((-33)/22)/(6/(-80)). Let j = -2 - -2. Suppose 2*x + 3*w = 425, 2*w - 430 = -2*x - j*x. What is the greatest common divisor of x and v?
20
Let i(l) = l**3 - 27*l**2 - 125*l + 33. Let u be i(31). Suppose -7*a = -5*a - 5*b - 270, -u*b = 2*a - 298. What is the greatest common divisor of a and 87?
29
Suppose 98*m + 138 - 530 = 0. Calculate the highest common factor of m and 722.
2
Suppose -231 = -8*w + 81. Calculate the greatest common divisor of 3471 and w.
39
Let q be 2*-3*(-2676)/(-54)*-6 - 3. Calculate the highest common factor of q and 65.
13
Let k = 217 - 217. Suppose 2*s + k*x = -x + 196, 5*s = 5*x + 460. What is the greatest common divisor of s and 12?
12
Let z be (1 - 4)/(-12) + (-162486)/(-72). Calculate the highest common divisor of 122 and z.
61
Let v(y) = y**3 - 117*y**2 + 59*y - 2165. Let z be v(117). What is the greatest common factor of 412 and z?
206
Let i be (-8 + 18/2)*-35. Let c be 2302/10 + -8 + (-273)/i. Calculate the greatest common factor of 322 and c.
46
Suppose 3*r - 666 = -o + 59, -3*r - 3*o + 723 = 0. What is the highest common divisor of 10043 and r?
121
Let i = 6693 - 6245. Calculate the greatest common divisor of i and 161.
7
Let f(t) = 2*t**3 + 42*t**2 - 24*t - 424. Let b be f(-21). Calculate the highest common divisor of b and 7860.
20
Let q(j) = j**3 - 5*j + 287. Suppose 0 = 2*t - 3*t + 2*s - 8, 5*t + 3*s = 12. Let z be q(t). Calculate the highest common divisor of 41 and z.
41
Suppose 28*y + 15 = 33*y. Suppose -m + y*s = -15, 2*m + 0*s = -2*s + 6. Let x be (-196)/(-3*4/m). What is the greatest common divisor of x and 14?
14
Suppose -10*m - 48 = -11*m. Suppose 7*c = 4*c + m. What is the greatest common factor of c and 208?
16
Let i = 58 - 82. Let k be 26/10 + i/40. Let b = 1 - 0. Calculate the greatest common divisor of k and b.
1
Let o = -251 - -854. Let j = -555 + o. What is the greatest common factor of j and 42?
6
Let v(j) = -13*j + 47. Let c be v(4). Let s(w) = 13*w**2 + 6*w + 35. Let h be s(c). Suppose -3*f + 2*f = -30. Calculate the greatest common factor of h and f.
30
Let a = -5467 + 5475. Calculate the greatest common divisor of a and 82.
2
Let j be (30/(-9))/(237/81 + -3). Calculate the greatest common divisor of j and 3015.
45
Let h = -2505 - -2563. Calculate the highest common divisor of 1073 and h.
29
Suppose 0 = p + 2*v - 7, -4*v + v - 12 = 0. Let b = p - -70. Calculate the greatest common factor of 10 and b.
5
Let i be 162/(-21) - (220/35 - 6). Let r be (-81)/(-12) + 2 + 6/i. What is the greatest common factor of r and 64?
8
Suppose 3*g - 11 = 1. Let c be 14/28 + 1 + 14/4. Suppose -c*y - p + 58 = 0, -5*p + 43 - 5 = 4*y. Calculate the highest common divisor of y and g.
4
Let z(c) = -1096*c - 4932. Let n be z(-13). What is the highest common divisor of 68 and n?
68
Let r(m) = 331*m - 449. Let x be r(2). What is the greatest common divisor of 3479 and x?
71
Let i be (-133)/(-14) + (-9)/6. Suppose -87*q + 91*q = i. Suppose q*c - 252 + 54 = 0. Calculate the highest common divisor of 9 and c.
9
Let d(a) = -a - 16 - 231 - 5*a + 9. Let z be d(-40). Calculate the highest common divisor of 86 and z.
2
Let m = 8652 - 7348. What is the greatest common factor of 16 and m?
8
Suppose 61*g = 47*g + 19404. Let n = -24 + 44. Suppose n*k = 31*k - g. What is the greatest common factor of k and 14?
14
Let m = -70 - -276. Let h = 486 - m. What is the highest common divisor of h and 56?
56
Let m(z) = 6*z + 11. Let i be m(1). Suppose 410 = -i*g + 27*g. Calculate the highest common factor of 123 and g.
41
Let g = -16133 - -16143. Suppose -2*i - 2*i + 60 = 0. Suppose -165 = -3*t - i. Calculate the greatest common divisor of g and t.
10
Suppose 242 = c - 2*x + 7*x, 5*c + 5*x - 1250 = 0. Suppose 22*t - c = 8*t. Let w(a) = -44*a + 2. Let n be w(-2). What is the greatest common factor of t and n?
18
Suppose -944*k + 932*k = -612. What is the highest common divisor of 3740 and k?
17
Let q = -736 - 214. Let f = 955 + q. Suppose -3 - 1 = -2*k. What is the highest common divisor of f and k?
1
Suppose -21*l + 42 = -7*l. Let h(c) = 5*c - 14*c**2 + c**l + 0 + 1 - c. Let t be h(14). What is the greatest common di